77804*y + 77817. Calculate u(1).
13
Let o(r) = -3*r**3 - 38*r**2 + 96*r - 53. What is o(-14)?
-613
Let l(x) = -x**2 + 11923*x - 1870444. What is l(159)?
32
Let x(r) = 976773*r - 976763. What is x(1)?
10
Let p(d) = -113*d + 11055. Calculate p(102).
-471
Let q(j) = -187*j + 2429. What is q(13)?
-2
Let u(n) = n**3 + 80*n**2 + 11*n - 912. Calculate u(-80).
-1792
Let m(h) = 215*h**2 + 523*h - 4. Give m(-3).
362
Let s(o) = -2459*o - 14722. What is s(-6)?
32
Let u(c) = -3*c**3 - 75*c**2 + 9*c - 65. What is u(-24)?
-2009
Let r(z) = 2*z**3 - 21*z**2 - 2065*z - 1131. Determine r(-27).
-51
Let g(p) = 16*p**2 - 152*p - 338. Determine g(11).
-74
Let w(t) = 32*t**3 - 3*t**2 - 136*t - 131. What is w(-1)?
-30
Let r(v) = -3*v**2 - 114*v + 5250. Determine r(-65).
-15
Let j(k) = -603*k + 136967. Calculate j(227).
86
Let g(x) = x**3 - 231*x**2 + 6363*x + 956. Give g(199).
-39
Let y(u) = -u**3 + 7*u**2 + 103*u + 21. Determine y(15).
-234
Let l(v) = 420*v**2 + 10515*v - 23. Calculate l(-25).
-398
Let g(f) = -3794*f + 41351. Determine g(11).
-383
Let t(u) = u**2 - 185*u + 3299. Give t(20).
-1
Let n(c) = -c**2 - 1687*c - 576427. Calculate n(-1211).
9
Let n(b) = 1266*b**2 + 524126*b + 704. Determine n(-414).
-124
Let h(b) = 2*b**2 - 682. Give h(-25).
568
Let g(z) = 9*z**2 - 1089*z + 24617. Determine g(30).
47
Let t(a) = -a**3 + 83*a**2 - 286*a + 23802. Give t(83).
64
Let j(s) = 1331*s - 122227. Give j(92).
225
Let b(g) = -g**3 + 300*g**2 - 12*g + 93790. Calculate b(301).
-423
Let q(o) = o**3 - 260*o**2 - 797*o + 2123. What is q(263)?
19
Let n(j) = j**2 + 12448*j - 888835. Give n(71).
14
Let p(t) = 59763*t - 2510049. Determine p(42).
-3
Let n(v) = -119*v**2 - 11215*v - 2717. Calculate n(-94).
9
Let i(v) = -370*v + 1429. Calculate i(5).
-421
Let g(h) = -28*h - 1193. Give g(-74).
879
Let u(v) = -5899*v + 112064. Determine u(19).
-17
Let q(u) = -106362*u + 531799. What is q(5)?
-11
Let y(b) = b**2 - 1095*b + 98084. Determine y(99).
-520
Let i(v) = 6198*v + 105366. Give i(-17).
0
Let i(w) = 3819*w**3 + 7628*w**2 - 25*w + 3. What is i(-2)?
13
Let j(t) = t**3 + 35*t**2 + 95*t + 59. Give j(-2).
1
Let p(j) = -175866*j - 527433. Determine p(-3).
165
Let h(q) = -q**3 - 10*q**2 - 42*q - 278. Give h(-9).
19
Let r(t) = 65567*t + 262274. Give r(-4).
6
Let p(y) = -y**3 + 251*y**2 + 214*y + 9548. Give p(252).
-28
Let z(j) = 2*j**3 + 376*j**2 - 397*j - 3728. Determine z(-189).
-137
Let d(z) = -z**3 - 751*z**2 + 5341*z + 26360. Determine d(-758).
-170
Let k(r) = 321*r - 44824. Calculate k(148).
2684
Let c(n) = -2*n**2 + 139*n - 2536. Give c(38).
-142
Let d(c) = 113011*c + 3390325. Calculate d(-30).
-5
Let f(a) = a**2 + 123*a - 1626. What is f(12)?
-6
Let p(g) = -3*g**3 - 264*g**2 - 223*g + 3305. Calculate p(-87).
-1
Let h(w) = -519252*w - 6231018. Calculate h(-12).
6
Let v(c) = c**3 - 33*c**2 - 304*c + 33. Give v(40).
-927
Let t(s) = 3095*s + 260089. Calculate t(-84).
109
Let a(s) = 594060*s - 16633673. What is a(28)?
7
Let m(r) = -3*r**2 - 157*r + 914. Determine m(-59).
-266
Let z(u) = -31664*u**2 + 126655*u + 2. Determine z(4).
-2
Let h(z) = 93*z**2 + 216*z - 161. What is h(-3)?
28
Let v(l) = -2034*l + 327302. Determine v(161).
-172
Let b(i) = -5*i**2 - 1364*i - 2359. Calculate b(-271).
80
Let r(t) = -1573*t - 127084. Give r(-81).
329
Let q(a) = 6*a**3 - 94*a**2 - 6*a - 3. Give q(16).
413
Let x(t) = t**3 + 27*t**2 - 894*t - 22069. Determine x(-22).
19
Let x(f) = 690*f - 1430. Calculate x(2).
-50
Let h(p) = -p**3 + 12*p**2 - 138*p + 1975. What is h(13)?
12
Let q(s) = 487*s - 61702. What is q(127)?
147
Let a(h) = 84*h**2 + 1750*h - 268. Calculate a(-21).
26
Let k(z) = -2378*z - 23238. Give k(-9).
-1836
Let u(v) = -v**3 - 13*v**2 - 29*v + 156. Give u(-9).
93
Let y(k) = 362*k**2 - 2126*k - 206. Determine y(6).
70
Let a(b) = -5*b**3 + 81*b**2 - 227*b - 6. Calculate a(3).
-93
Let a(m) = 127*m**2 + 2855*m + 8572. What is a(-3)?
1150
Let i(t) = -210019*t + 4830384. Determine i(23).
-53
Let w(b) = -2*b**2 - 1184*b + 133403. Determine w(97).
-263
Let f(m) = 187895*m + 3006278. Calculate f(-16).
-42
Let z(b) = 64*b**2 + 167*b - 153. Determine z(1).
78
Let w(l) = 6*l**2 - 499*l - 7474. Calculate w(-13).
27
Let g(n) = n**2 + 219*n - 10741. Give g(41).
-81
Let t(o) = -26103*o + 1879071. Determine t(72).
-345
Let v(p) = -p**3 + 63*p**2 + 898*p - 26. Calculate v(75).
-176
Let h(d) = 1036*d - 165893. Determine h(160).
-133
Let i(w) = -12*w**3 + 37*w**2 - 128*w + 704. What is i(4)?
16
Let y(j) = -1728393*j - 12098738. What is y(-7)?
13
Let n(j) = -4537*j - 31454. Calculate n(-7).
305
Let p(m) = 21*m**3 - 2*m**2 - 33*m + 107. Calculate p(5).
2517
Let g(b) = 219*b - 63108. What is g(299)?
2373
Let t(g) = 2339*g + 51488. Calculate t(-22).
30
Let l(k) = 10*k**2 - 678*k - 51069. Calculate l(113).
7
Let f(w) = -188*w**3 - 4*w**2 - 86*w - 74. What is f(-1)?
196
Let x(k) = -1077*k + 3498. Calculate x(1).
2421
Let s(y) = -y**3 - 15*y**2 - 14*y + 85. What is s(-12)?
-179
Let x(h) = h**2 - 350*h + 18386. What is x(286)?
82
Let n(w) = -1859009*w - 5577032. Calculate n(-3).
-5
Let r(k) = 884*k + 10766. Calculate r(-12).
158
Let h(w) = 28255*w + 112873. Calculate h(-4).
-147
Let t(l) = -9088*l + 272642. Determine t(30).
2
Let k(y) = 37*y - 1393. Calculate k(10).
-1023
Let m(u) = -9*u**2 + 29*u + 13. Calculate m(-1).
-25
Let c(s) = 80491*s - 885350. Determine c(11).
51
Let n(s) = 130*s + 48303. What is n(-373)?
-187
Let n(d) = -107*d**2 - 15837*d - 37. Give n(-148).
111
Let s(f) = -1646*f**3 - 2*f**2 + 138*f + 139. Give s(-1).
1645
Let s(g) = 11*g**3 + 4410*g**2 - 497*g - 38473. Calculate s(-401).
23
Let i(b) = 9125*b + 91111. Give i(-10).
-139
Let z(d) = -28*d**2 + 2634*d - 14881. What is z(6)?
-85
Let w(x) = 11*x**2 + 2497*x - 2914. Calculate w(-228).
-406
Let w(h) = -10*h**3 - 109*h**2 - 324*h - 5. Determine w(-3).
256
Let p(f) = f**2 + 10621*f + 392417. Give p(-37).
809
Let i(k) = -895*k**2 - 891*k + 4. What is i(-1)?
0
Let f(b) = 3*b**2 - 59255*b + 829010. What is f(14)?
28
Let m(k) = 14054*k - 168650. What is m(12)?
-2
Let b(o) = -6*o**3 - 5999*o**2 + 1049*o + 48987. Determine b(-1000).
-13
Let p(u) = u**2 + 31764*u - 699300. What is p(22)?
-8
Let j(f) = 3*f**2 + 113*f + 311. Calculate j(-42).
857
Let f(g) = 2*g**3 + 95*g**2 - 43*g - 89. Give f(-48).
-329
Let i(p) = -p**3 + 116*p**2 - 308*p + 9006. Give i(114).
-114
Let t(g) = 72778*g - 107638660. Give t(1479).
2
Let d(q) = -94*q**2 - 18314*q + 3104. Calculate d(-195).
-16
Let t(q) = -q**3 + 30*q**2 - 80*q - 628. Give t(26).
-4
Let s(x) = 15127*x - 166250. Give s(11).
147
Let i(d) = 12*d**3 + 292*d**2 + 49*d + 50. Give i(-24).
1178
Let d(n) = n**3 + 12*n**2 - 152*n + 275. Calculate d(4).
-77
Let f(y) = -4351*y - 252364. Calculate f(-58).
-6
Let t(j) = -j**3 + 31*j**2 - 162*j + 1668. Give t(27).
210
Let s(o) = o**3 - 28*o**2 - 72*o + 2767. Determine s(26).
-457
Let w(a) = -6*a**2 - 209*a + 1783. Determine w(-42).
-23
Let f(a) = -2194*a**2 + 50463*a - 26. Calculate f(23).
-3
Let j(q) = -139*q**2 - 287*q - 181. Give j(-7).
-4983
Let b(g) = -g**3 + 7*g**2 - 20*g - 19. Calculate b(7).
-159
Let z(p) = -191220*p + 10325872. Give z(54).
-8
Let h(z) = 897*z + 3525. What is h(-4)?
-63
Let q(y) = 4*y**2 + 6*y - 211. What is q(-7)?
-57
Let r(y) = 116*y**2 + 8*y + 128. Calculate r(0).
128
Let y(a) = -54480*a - 54508. What is y(-1)?
-28
Let r(j) = j**3 - 12*j**2 - 17*j + 284. Determine r(10).
-86
Let v(q) = 2*q**2 + 35*q + 202. What is v(-6)?
64
Let x(m) = 64*m**2 + 5117*m - 248. Calculate x(-80).
-8
Let i(a) = -64*a**2 + 1617*a - 242. Determine i(25).
183
Let t(b) = -212*b**2 - 1286*b - 1721. Calculate t(-2).
3
Let k(n) = 29*n**2 - 5088*n - 2880. Calculate k(176).
-64
Let m(d) = -17*d**2 + 84*d + 338. Determine m(-4).
-270
Let i(k) = k**2 - 101*k - 1926. Give i(126).
1224
Let i(x) = 1543*x + 112637. Determine i(-73).
-2
Let p(v) = v**2 - 9769*v - 520554. What is p(-53)?
12
Let a(y) = -11*y**2 + 4723*y - 25021. What is a(424)?
-5
Let p(h) = -h**3 - 41*h**2 - 86*h - 20. Determine p(-39).
292
Let m(q) = -2*q**2 - 62*q + 342. Calculate m(-46).
-1038
Let f(h) = -183*h - 14782. Give f(-83).
407
Let u(o) = 215*o**2 - 1724*o - 4. Determine u(8).
-36
Let m(z) = z**2 + 3199*z + 22370. Give m(-7).
26
Let p(a) = -25*a - 660. Give p(-20).
-160
Let b(j) = j**3 - 39*j**2 - 190*j + 44